{"id":20,"date":"2018-06-23T09:50:03","date_gmt":"2018-06-23T07:50:03","guid":{"rendered":"http:\/\/www.oldtimerfreunde-langquaid.de\/?page_id=20"},"modified":"2025-07-21T09:05:18","modified_gmt":"2025-07-21T07:05:18","slug":"willkommen","status":"publish","type":"page","link":"https:\/\/www.oldtimerfreunde-langquaid.de\/","title":{"rendered":"Willkommen bei den Oldtimerfreunden Langquaid"},"content":{"rendered":"\n<p>Hier finden Sie Infos und Beitr\u00e4ge zu unserem Oldtimertreffen beim Zwetschgenmarkt in Langquaid,<br>Infos und Links zu unseren Sponsoren die die Organisation des Treffens erst m\u00f6glich machen.<\/p>\n\n\n<div class=\"wp-block-image\">\n<figure class=\"aligncenter size-large\"><img loading=\"lazy\" decoding=\"async\" width=\"1024\" height=\"683\" src=\"https:\/\/www.oldtimerfreunde-langquaid.de\/wp-content\/uploads\/2023\/08\/IMG_3927-1024x683.jpg\" alt=\"\" class=\"wp-image-1723\" srcset=\"https:\/\/www.oldtimerfreunde-langquaid.de\/wp-content\/uploads\/2023\/08\/IMG_3927-1024x683.jpg 1024w, https:\/\/www.oldtimerfreunde-langquaid.de\/wp-content\/uploads\/2023\/08\/IMG_3927-300x200.jpg 300w, https:\/\/www.oldtimerfreunde-langquaid.de\/wp-content\/uploads\/2023\/08\/IMG_3927-768x512.jpg 768w, https:\/\/www.oldtimerfreunde-langquaid.de\/wp-content\/uploads\/2023\/08\/IMG_3927-1536x1024.jpg 1536w, https:\/\/www.oldtimerfreunde-langquaid.de\/wp-content\/uploads\/2023\/08\/IMG_3927-2048x1365.jpg 2048w\" sizes=\"auto, (max-width: 1024px) 100vw, 1024px\" \/><\/figure>\n<\/div>\n\n\n<p><\/p>\n\n\n\n<figure class=\"wp-block-image size-large\"><img loading=\"lazy\" decoding=\"async\" width=\"2560\" height=\"1614\" src=\"https:\/\/www.oldtimerfreunde-langquaid.de\/wp-content\/uploads\/2025\/07\/IMG_E60581-edited-scaled.jpg\" alt=\"\" class=\"wp-image-1786\" srcset=\"https:\/\/www.oldtimerfreunde-langquaid.de\/wp-content\/uploads\/2025\/07\/IMG_E60581-edited-scaled.jpg 2560w, https:\/\/www.oldtimerfreunde-langquaid.de\/wp-content\/uploads\/2025\/07\/IMG_E60581-edited-300x189.jpg 300w, https:\/\/www.oldtimerfreunde-langquaid.de\/wp-content\/uploads\/2025\/07\/IMG_E60581-edited-1024x646.jpg 1024w, https:\/\/www.oldtimerfreunde-langquaid.de\/wp-content\/uploads\/2025\/07\/IMG_E60581-edited-768x484.jpg 768w, https:\/\/www.oldtimerfreunde-langquaid.de\/wp-content\/uploads\/2025\/07\/IMG_E60581-edited-1536x969.jpg 1536w, https:\/\/www.oldtimerfreunde-langquaid.de\/wp-content\/uploads\/2025\/07\/IMG_E60581-edited-2048x1291.jpg 2048w\" sizes=\"auto, (max-width: 2560px) 100vw, 2560px\" \/><\/figure>\n\n\n\n<figure class=\"wp-block-image size-large\"><img loading=\"lazy\" decoding=\"async\" width=\"2560\" height=\"1600\" src=\"https:\/\/www.oldtimerfreunde-langquaid.de\/wp-content\/uploads\/2025\/07\/IMG_E60571-edited-scaled.jpg\" alt=\"\" class=\"wp-image-1788\" srcset=\"https:\/\/www.oldtimerfreunde-langquaid.de\/wp-content\/uploads\/2025\/07\/IMG_E60571-edited-scaled.jpg 2560w, https:\/\/www.oldtimerfreunde-langquaid.de\/wp-content\/uploads\/2025\/07\/IMG_E60571-edited-300x188.jpg 300w, https:\/\/www.oldtimerfreunde-langquaid.de\/wp-content\/uploads\/2025\/07\/IMG_E60571-edited-1024x640.jpg 1024w, https:\/\/www.oldtimerfreunde-langquaid.de\/wp-content\/uploads\/2025\/07\/IMG_E60571-edited-768x480.jpg 768w, https:\/\/www.oldtimerfreunde-langquaid.de\/wp-content\/uploads\/2025\/07\/IMG_E60571-edited-1536x960.jpg 1536w, https:\/\/www.oldtimerfreunde-langquaid.de\/wp-content\/uploads\/2025\/07\/IMG_E60571-edited-2048x1280.jpg 2048w\" sizes=\"auto, (max-width: 2560px) 100vw, 2560px\" \/><\/figure>\n\n\n\n<p>Werte Freunde des alten Blechs<\/p>\n\n\n\n<p>Endlich ist es wieder so weit. Der Termin f\u00fcr das 20. Oldtimertreffen in Langquaid (Bahnhof) findet am Sonntag den 21.09.2025 statt. <\/p>\n\n\n\n<p>Anmeldung der Fahrzeuge gegen 09:30.<\/p>\n\n\n\n<p><strong>F\u00fcr das Jahr 2025 laden die Oldtimerfreunde Langquaid zum traditionellen Oldtimer-Treffen ein.<\/strong><\/p>\n\n\n\n<p>Egal ob Traktor, Zweirad oder Automobil, egal ob 2, 3 oder 4 R\u00e4der, Hauptsache kein Neuwagen. Egal ob Young- oder Oldtimer, wir freuen uns auf den Besuch jedes historischen Fahrzeugs nat\u00fcrlich mit den zugeh\u00f6rigen Fahrern und Beifahrern.<\/p>\n\n\n\n<p>Ob jung, ob alt, jeder der an alten Formen und Technik Gefallen findet oder Interesse daran hat ist (auch ohne Fahrzeug) gerne gesehen. Benzingespr\u00e4che, Bekannte treffen, Essen, Trinken und gem\u00fctliche Stunden im Kreise Gleichgesinnter laden zum Verweilen ein.<\/p>\n\n\n\n<p>Selbstverst\u00e4ndlich ist f\u00fcr das leibliche Wohl bestens gesorgt. Angeboten wird ein Wei\u00dfwurstfr\u00fchst\u00fcck, Brezen, leckeres vom Grill, k\u00fchle Getr\u00e4nken, Kaffee und Kuchen. Wem das kulinarische Angebot wider Erwarten nicht ausreicht, kann auch einen Abstecher zum gleichzeitig stattfindenden Zwetschgenmarkt machen.<\/p>\n\n\n\n<p>Am Nachmittag steht eine Fahrzeugpr\u00e4sentationsfahrt durch den historischen Markt auf dem Programm, damit die \u201ealten Sch\u00e4tze in Bewegung&#8220; von den Zuschauern bestaunt werden k\u00f6nnen. Nach der anschlie\u00dfenden Pokalverleihung lassen wir den erlebnisreichen Tag noch gemeinsam, gem\u00fctlich ausklingen.<\/p>\n\n\n\n<p>Wir freuen uns auf Euer zahlreiches Erscheinen und w\u00fcnschen allen Teilnehmern eine Pannen- und unfallfreie Anfahrt.<\/p>\n\n\n\n<p><em>Die Oldtimerfreunde Langquaid.<\/em><\/p>\n\n\n\n<p>Wer uns mal Kennenlernen m\u00f6chte, kann auch gerne bei unserem monatlichen<br><strong>Stammtischtreffen beim Hotel Gasthof Sixt in Rohr, an jedem 3. Samstag im Monat ab 19:00 Uhr<\/strong> vorbeischauen. <br><\/p>\n","protected":false},"excerpt":{"rendered":"<p>Hier finden Sie Infos und Beitr\u00e4ge zu unserem Oldtimertreffen beim Zwetschgenmarkt in Langquaid,Infos und Links zu unseren Sponsoren die die Organisation des Treffens erst m\u00f6glich machen. Werte Freunde des alten Blechs Endlich ist es wieder so weit. Der Termin f\u00fcr das 20. Oldtimertreffen in Langquaid (Bahnhof) findet am Sonntag den 21.09.2025 statt. Anmeldung der Fahrzeuge &#8230; <a title=\"Willkommen bei den Oldtimerfreunden Langquaid\" class=\"read-more\" href=\"https:\/\/www.oldtimerfreunde-langquaid.de\/\" aria-label=\"Mehr Informationen \u00fcber Willkommen bei den Oldtimerfreunden Langquaid\">Read more<\/a><\/p>\n","protected":false},"author":1,"featured_media":0,"parent":0,"menu_order":0,"comment_status":"closed","ping_status":"closed","template":"","meta":{"generate_page_header":"","footnotes":""},"class_list":["post-20","page","type-page","status-publish"],"_links":{"self":[{"href":"https:\/\/www.oldtimerfreunde-langquaid.de\/index.php?rest_route=\/wp\/v2\/pages\/20","targetHints":{"allow":["GET"]}}],"collection":[{"href":"https:\/\/www.oldtimerfreunde-langquaid.de\/index.php?rest_route=\/wp\/v2\/pages"}],"about":[{"href":"https:\/\/www.oldtimerfreunde-langquaid.de\/index.php?rest_route=\/wp\/v2\/types\/page"}],"author":[{"embeddable":true,"href":"https:\/\/www.oldtimerfreunde-langquaid.de\/index.php?rest_route=\/wp\/v2\/users\/1"}],"replies":[{"embeddable":true,"href":"https:\/\/www.oldtimerfreunde-langquaid.de\/index.php?rest_route=%2Fwp%2Fv2%2Fcomments&post=20"}],"version-history":[{"count":36,"href":"https:\/\/www.oldtimerfreunde-langquaid.de\/index.php?rest_route=\/wp\/v2\/pages\/20\/revisions"}],"predecessor-version":[{"id":1789,"href":"https:\/\/www.oldtimerfreunde-langquaid.de\/index.php?rest_route=\/wp\/v2\/pages\/20\/revisions\/1789"}],"wp:attachment":[{"href":"https:\/\/www.oldtimerfreunde-langquaid.de\/index.php?rest_route=%2Fwp%2Fv2%2Fmedia&parent=20"}],"curies":[{"name":"wp","href":"https:\/\/api.w.org\/{rel}","templated":true}]}}